8846115?
3, 5, 19, 31039
What are the prime factors of 19425315?
3, 5, 7, 13, 19, 107
What are the prime factors of 78666?
2, 3, 7, 1873
List the prime factors of 10650941.
7, 1521563
List the prime factors of 23705312.
2, 19, 127, 307
What are the prime factors of 9914637?
3, 19, 31, 181
What are the prime factors of 384280?
2, 5, 13, 739
What are the prime factors of 1300103?
7, 79, 2351
What are the prime factors of 485410?
2, 5, 48541
List the prime factors of 101554.
2, 50777
What are the prime factors of 352231?
11, 41, 71
List the prime factors of 7088678.
2, 3544339
What are the prime factors of 1724289?
3, 7, 47, 1747
List the prime factors of 586376.
2, 7, 37, 283
List the prime factors of 67117.
41, 1637
What are the prime factors of 1003296?
2, 3, 7, 1493
List the prime factors of 113143.
113143
What are the prime factors of 744375?
3, 5, 397
What are the prime factors of 188853?
3, 7, 17, 23
What are the prime factors of 1880431?
7, 353, 761
List the prime factors of 453285.
3, 5, 7, 1439
List the prime factors of 301270.
2, 5, 47, 641
List the prime factors of 2948913.
3, 11, 9929
What are the prime factors of 1178977?
1178977
What are the prime factors of 914756?
2, 23, 61, 163
List the prime factors of 186876.
2, 3, 29, 179
List the prime factors of 2853483.
3, 951161
What are the prime factors of 851137?
7, 121591
What are the prime factors of 366766?
2, 183383
What are the prime factors of 11183321?
47, 277, 859
List the prime factors of 282944.
2, 4421
What are the prime factors of 167739?
3, 11, 13, 17, 23
List the prime factors of 215892.
2, 3, 1999
List the prime factors of 10365501.
3, 31, 227, 491
What are the prime factors of 8968?
2, 19, 59
What are the prime factors of 492029?
492029
List the prime factors of 28284507.
3, 73, 43051
What are the prime factors of 16491423?
3, 13, 422857
What are the prime factors of 5069464?
2, 317, 1999
What are the prime factors of 771232?
2, 7, 11, 313
List the prime factors of 2551021.
11, 31, 7481
What are the prime factors of 387381?
3, 129127
What are the prime factors of 471606?
2, 3, 83, 947
List the prime factors of 101859.
3, 19, 1787
List the prime factors of 821361.
3, 273787
What are the prime factors of 12406817?
937, 13241
What are the prime factors of 1982337?
3, 7, 94397
List the prime factors of 27133312.
2, 211979
List the prime factors of 346793.
346793
What are the prime factors of 120904?
2, 7, 17, 127
List the prime factors of 1349453.
7, 263, 733
What are the prime factors of 255548?
2, 29, 2203
List the prime factors of 15522639.
3, 11, 19, 1303
List the prime factors of 2298355.
5, 459671
What are the prime factors of 173876?
2, 17, 2557
What are the prime factors of 11860839?
3, 907, 1453
What are the prime factors of 86856?
2, 3, 7, 11, 47
List the prime factors of 5339293.
73, 73141
List the prime factors of 1164444.
2, 3, 23, 4219
List the prime factors of 3167259.
3, 101, 10453
List the prime factors of 1102026.
2, 3, 61, 3011
What are the prime factors of 82547?
23, 37, 97
List the prime factors of 660535.
5, 17, 19, 409
What are the prime factors of 3762393?
3, 1254131
What are the prime factors of 754073?
754073
List the prime factors of 2937823.
7, 283, 1483
List the prime factors of 8659116.
2, 3, 80177
List the prime factors of 6506767.
17, 382751
List the prime factors of 10711182.
2, 3, 31, 57587
What are the prime factors of 177267?
3, 37, 1597
List the prime factors of 221374.
2, 17, 383
List the prime factors of 705219.
3, 31, 7583
What are the prime factors of 1048697?
13, 80669
What are the prime factors of 371592?
2, 3, 13, 397
What are the prime factors of 998419?
998419
What are the prime factors of 15407456?
2, 83, 5801
What are the prime factors of 419076?
2, 3, 7, 1663
List the prime factors of 355302.
2, 3, 19739
What are the prime factors of 12584534?
2, 6292267
List the prime factors of 2680102.
2, 19, 70529
List the prime factors of 1283521.
1283521
List the prime factors of 252841.
17, 107, 139
What are the prime factors of 11892448?
2, 371639
What are the prime factors of 781955?
5, 43, 3637
What are the prime factors of 583737?
3, 7, 11, 19
What are the prime factors of 3131798?
2, 47, 33317
List the prime factors of 22542372.
2, 3, 626177
List the prime factors of 2712500.
2, 5, 7, 31
List the prime factors of 502751.
71, 73, 97
What are the prime factors of 17931271?
191, 269, 349
What are the prime factors of 178547?
61, 2927
List the prime factors of 714445.
5, 43, 3323
What are the prime factors of 14984?
2, 1873
What are the prime factors of 164188?
2, 41047
What are the prime factors of 10326150?
2, 3, 5, 7649
List the prime factors of 3146901.
3, 227, 4621
What are the prime factors of 148665?
3, 5, 11, 17, 53
List the prime factors of 541577.
541577
List the prime factors of 278566.
2, 31, 4493
What are the prime factors of 53826?
2, 3, 8971
What are the prime factors of 2721353?
89, 30577
List the prime factors of 390300.
2, 3, 5, 1301
List the prime factors of 160757.
160757
List the prime factors of 344069.
11, 31, 1009
What are the prime factors of 28194?
2, 3, 37, 127
List the prime factors of 2269209.
3, 756403
What are the prime factors of 3552107?
13, 19, 73, 197
What are the prime factors of 348026?
2, 7, 24859
List the prime factors of 269333.
269333
List the prime factors of 1852117.
233, 7949
List the prime factors of 269344.
2, 19, 443
What are the prime factors of 895193?
13, 5297
What are the prime factors of 990023?
990023
What are the prime factors of 238790?
2, 5, 23879
List the prime factors of 424741.
23, 59, 313
List the prime factors of 17253968.
2, 1078373
List the prime factors of 9435382.
2, 11, 23, 29, 643
What are the prime factors of 6185448?
2, 3, 85909
List the prime factors of 14487149.
1913, 7573
List the prime factors of 118353.
3, 39451
List the prime factors of 1876929.
3, 625643
What are the prime factors of 1545449?
1545449
What are the prime factors of 200126?
2, 47, 2129
List the prime factors of 332242.
2, 283, 587
What are the prime factors of 98639?
98639
List the prime factors of 4679562.
2, 3, 779927
What are the prime factors of 347926?
2, 41, 4243
List the prime factors of 186810.
2, 3, 5, 13, 479
List the prime factors of 2023544.
2, 17, 14879
List the prime factors of 1133626.
2, 13, 59, 739
List the prime factors of 41070000.
2, 3, 5, 37
What are the prime factors of 360788?
2, 90197
List the prime factors of 442478.
2, 221239
What are the prime factors of 115245?
3, 5, 13, 197
List the prime factors of 822031.
7, 43, 2731
What are the prime factors of 2787883?
7, 61, 6529
What are the prime factors of 154869?
3, 11, 13, 19
List the prime factors of 6953475.
3, 5, 23, 29, 139
List the prime factors of 472737.
3, 157579
List the prime factors of 613265.
5, 122653
List the prime factors of 497251.
347, 1433
List the prime factors of 64567.
64567
What are the prime factors of 6013391?
1063, 5657
List the prime factors of 354762.
2, 3, 19709
List the prime factors of 219110.
2, 5, 21911
What are the prime factors of 1357413?
3, 59, 7669
List the prime factors of 544797.
3, 11, 5503
What are the prime factors of 15951?
3, 13, 409
List the prime factors of 6222323.
17, 366019
List the prime factors of 366494.
2, 183247
List the prime factors of 374820.
2, 3, 5, 6247
List the prime factors of 2729365.
5, 545873
List the prime factors of 4117058.
2, 11, 187139
What are the prime factors of 16686545?
5, 3337309
List the prime factors of 877587.
3, 43, 6803
List the prime factors of 1158850.
2, 5, 7, 11, 43
What are the prime factors of 245991?
3, 167, 491
List the prime factors of 9561629.
7, 11, 23, 5399
What are the prime factors of 484720?
2, 5, 73, 83
List the prime factors of 1416870.
2, 3, 5, 7, 13, 173
List the prime factors of 17880768.
2, 3, 37, 839
What are the prime factors of 346369?
346369
List the prime factors of 203246.
2, 151, 673
List the prime factors of 153118.
2, 7, 10937
What are the prime factors of 7736472?
2, 3, 11939
List the prime factors of 11555311.
29, 398459
List the prime factors of 69719.
13, 31, 173
List the prime factors of 10795543.
11, 613, 1601
What are the prime factors of 2254860?
2, 3, 5, 12527
What are the prime factors of 935286?
2, 